 + -1). Calculate the remainder when -1*17*q - 21/(-7) is divided by 12.
8
Let h(v) = v**3 - 9*v**2 + 7*v + 4. Let w be h(4). Calculate the remainder when 76 is divided by w/21 - (-2)/7 - -15.
11
Let s = -1265 + 1290. Calculate the remainder when 45 is divided by s.
20
Suppose -2*t - 3*m + 4 = -t, 3*t - 2*m = 1. Calculate the remainder when 30 is divided by (3/3*11)/t.
8
Suppose 178 + 46 = 2*m. What is the remainder when m is divided by 4?
0
Let m(n) = -8*n - 39. What is the remainder when 121 is divided by m(-9)?
22
Let f = -19 + 31. Calculate the remainder when 88 is divided by f.
4
Let a(m) = m + 14. Let y be a(-12). Let v(u) = 14*u - 142. What is the remainder when v(15) is divided by (115/10)/(1/y)?
22
What is the remainder when (-243228)/(-68) - (-44)/374 is divided by 20?
17
Let z be 4/(2/(-222)*-6). Suppose -9 = b - z. Calculate the remainder when b is divided by 17.
14
What is the remainder when (-134)/(-4) + 213/(-142) is divided by 10?
2
Suppose 3*v + 41 = -31. Let t = v - -35. Calculate the remainder when 43 is divided by t.
10
Let s = 23 + -23. Let u be (-4)/((-16)/(-2))*s. Suppose -6*i + i - 3*p + 28 = u, -6 = -i - p. What is the remainder when 24 is divided by i?
4
Let u(l) = l**3 + 20*l**2 + 20*l + 39. What is the remainder when 1017 is divided by u(-19)?
17
Calculate the remainder when 4 - (2 - 4 - (10 + 145)) is divided by 41.
38
Let n = -333 - -336. What is the remainder when 47 is divided by n?
2
Let q(r) = 2*r**2 - 78*r + 34. What is the remainder when q(39) is divided by 22?
12
Let u = -14 - -37. Let v = -31 - 9. Let r = -28 - v. Calculate the remainder when u is divided by r.
11
Suppose -55*j + 1925 = -14795. Calculate the remainder when j is divided by 97.
13
Let d(c) = -5*c - 77. Suppose 0 = -o - p + 6, p - 21 = -6*o + 2*o. Suppose o*q + 23 = 2*j + 3, j - 2*q = 9. Calculate the remainder when j is divided by d(-16).
2
Let t(y) = -2*y + 69. Calculate the remainder when 312 is divided by t(3).
60
Let w(a) = 2*a**2 + 5*a + 7. Let s be w(-5). Suppose 3*q - 5*k - s - 8 = 0, 2*k = -2*q + 16. Calculate the remainder when 28 is divided by q.
8
Suppose 3*o + 36 = 51. Calculate the remainder when 12 is divided by o.
2
Suppose -12 = -23*c + 20*c. What is the remainder when 13 is divided by ((-5)/2)/(-1*2/c)?
3
Let b(i) = i**2 + 3*i - 58. What is the remainder when 210 is divided by b(-12)?
10
Let x = -585 + 593. What is the remainder when 54 is divided by x?
6
Let z = -99 - -102. Suppose -65 = -z*d - 2*n, -4*n = -n - 3. Calculate the remainder when 41 is divided by d.
20
Suppose 0 + 143 = 13*p. What is the remainder when 94 is divided by p?
6
Let m = -36 + 43. Let n(a) = a**2 - 4*a - 3. Calculate the remainder when 34 is divided by n(m).
16
Calculate the remainder when ((-420)/(-25))/(-2*18/(-120)) is divided by (38/4 + 0)*2.
18
Let m = -100 + 115. Suppose -3*u = m, 5*s + 2*u = -3*u + 130. What is the remainder when 118 is divided by s?
25
Let h(n) = 2*n**2 - 17*n. Calculate the remainder when 54 is divided by h(10).
24
Let s(d) = 11*d - 1. Let c be s(2). Suppose 0 = -u + c. What is the remainder when 62 is divided by u?
20
Suppose 0*p + 2*p - 16 = 0. Suppose -102 = -10*c + p*c. Calculate the remainder when c is divided by 18.
15
Let b(p) = p**2 - 5*p + 7. Let k be b(5). Let z = -6 + k. Calculate the remainder when 10 is divided by 3 - (-7 + z)/2.
4
Let a(z) = 4*z + 3*z + 3*z + 7. Calculate the remainder when 145 is divided by a(3).
34
Let d(m) = -2*m**2 + 2*m + 2. Let v be d(2). What is the remainder when (0 - v)*(14 + 0) is divided by (30/(-14))/(22/(-154))?
13
Let q = 76 - -93. Let v(y) = 35*y**3 - y**2 - y + 1. What is the remainder when q is divided by v(1)?
33
Suppose n = 3*s - 29, 0 = -s - s - 5*n + 42. Suppose -4*h + 315 = 5*g, 232 = -3*h + 3*g + 448. Calculate the remainder when h is divided by s.
9
Suppose -2*m = 0, 0*b - 12 = -b + 2*m. Calculate the remainder when 8 is divided by (18 - b) + (-1 - 3).
0
Suppose 0*p + 3*p = -57. Let x be (1 + -2)/(-1) - p. Suppose -5*u - 3*w + 318 = -122, 0 = -4*w - x. Calculate the remainder when u is divided by 31.
29
Suppose 64 = -74*a + 78*a. Let n = a + -4. Calculate the remainder when 23 is divided by n.
11
Suppose -w + 18 = 3*s, 5*s + 3*w = s + 29. Calculate the remainder when 6 + (0 - 0/2) is divided by s.
1
Suppose 4*s - 5*t = 238, -5*t + 4 + 6 = 0. Calculate the remainder when 73 is divided by s.
11
Suppose 3*n - 6 = 0, v - 15*n = -17*n + 12. What is the remainder when 46 is divided by v?
6
Let q be (-382)/(-18) - (-18)/(-81). Suppose -b + 3 = 1, y - q = -5*b. Let l = 50 + -8. What is the remainder when l is divided by y?
9
Let j(t) = -22*t - 118. Let u(g) = -g**3 + 8*g**2 + 3*g - 4. What is the remainder when u(7) is divided by j(-6)?
10
Suppose 2*m - 10 = 5*n - n, 4*m - n - 27 = 0. Let g be 0 + (-2 + 2 - 0). Suppose g = -0*f - 4*f + 104. Calculate the remainder when f is divided by m.
5
Suppose -52 - 8 = 5*g. Let l be 279/4 - 3/g. Suppose -22 = 3*h - l. Calculate the remainder when 31 is divided by h.
15
Suppose 4*i - 48 - 160 = 0. Suppose y - 64 = -u + 6*y, u + y = i. Suppose a = -2*t + 12, a = 5*a - t - 57. What is the remainder when u is divided by a?
12
Let l = -341 - -404. Calculate the remainder when l is divided by 25.
13
Let z(j) = 2*j + 37. Calculate the remainder when z(0) is divided by ((3 - 1) + -1)*13.
11
Suppose 26*u = 39*u - 4810. What is the remainder when u is divided by 25?
20
Suppose 5*c - 5*s + 5 = 0, -3*c + 2*s + 0*s - 5 = 0. Let k = c - -130. What is the remainder when k is divided by 13?
10
Suppose -21*s = -530 - 6211. Calculate the remainder when s is divided by 12.
9
Let s = 2 + 1. Suppose f = -x - x + 15, 20 = x + s*f. Let k(y) = -y + 39. What is the remainder when k(25) is divided by x?
4
Suppose 4*i + 110 = t, -i - 2 + 4 = 0. Calculate the remainder when t is divided by 37.
7
Suppose 897*f = 889*f + 664. Calculate the remainder when 992 is divided by f.
79
Suppose -3*x = -0*x - 6. Suppose -4*g - 2*l = -78, -5*g + 12*l = 11*l - 108. Calculate the remainder when g is divided by 33/x*(-4)/(-6).
10
Suppose d + d = -54. Let a = d - -55. What is the remainder when a is divided by 16?
12
Let y(d) = -258*d - 2. Calculate the remainder when y(-3) is divided by 43.
41
Suppose o - 2 + 0 = p, -10 = -3*p - 5*o. Suppose -4*r - 6*k + k - 5 = p, -k - 5 = 0. Suppose -r*z = -z - 128. Calculate the remainder when z is divided by 17.
15
Suppose 21 + 15 = -9*g. What is the remainder when 12 is divided by (-3)/6*g + 5?
5
Suppose -754 = -4*l + 3*k, k = -l + 4*l - 568. Calculate the remainder when l is divided by 15.
10
Let r be (-185)/(-15) + (-1)/3. Suppose -r = -3*h - 0*h. Suppose h*g - 3*x - 15 = 34, 5*x + 47 = 4*g. What is the remainder when g is divided by 4?
1
Suppose -a = -0*a - 46. Let t(l) = 3 + 4*l - 7*l**2 + 9 + l**3 + 2*l. What is the remainder when a is divided by t(6)?
10
Let r(h) = h**3 - 32*h**2 + 196*h - 29. What is the remainder when r(24) is divided by 45?
22
Let i = -201 + 322. What is the remainder when 195 is divided by i?
74
Let p(q) = -4*q**3 - 5*q**2 - 6*q - 4. Calculate the remainder when p(-2) is divided by ((-2)/4 + 1)*14.
6
Suppose -4*k - 29 = -4*x + 7, k = 5*x - 45. Let f(c) = 12 + 0*c**2 - 4*c + 6*c + c**2. What is the remainder when f(x) is divided by 28?
27
Suppose -4*f - 3*t + 57 = 0, 4*f + f - 79 = 4*t. What is the remainder when 2 is divided by f/6 + (-8)/16?
0
Let d = -477 + 550. What is the remainder when 583 is divided by d?
72
Suppose 5*n - 9 + 19 = 0. Let f be 1*n - (-7 + 2). Let t(x) = -x**2 + 7*x - 6. What is the remainder when t(f) is divided by 5?
1
Let u(t) = -5*t - 3. Suppose -4*f + 22 = b, -4*f = -9*f + 20. What is the remainder when u(-2) is divided by (b/(-4))/(6/(-8))?
1
Suppose -4*u = k - 68, -6*k + 2*k = u - 32. Suppose -u*b + 209 = -5*b. Calculate the remainder when b is divided by 5.
4
Suppose -3*y = -t - 98 - 321, -566 = -4*y + 5*t. Suppose -97 = -4*f + 15. What is the remainder when y is divided by f?
27
Suppose 0 = -2*w - 4*c + 132, 66 + 120 = 3*w + 3*c. Calculate the remainder when w is divided by 6.
4
Let d = -6 + 17. Let b(g) = -8*g + 1. Let q be b(-8). Let r = q - 44. What is the remainder when r is divided by d?
10
Suppose 4*u = -3*m + 253, -222 + 33 = -3*u - 2*m. What is the remainder when 146 is divide